1.
439, 94219
List the prime factors of 410580.
2, 3, 5, 2281
What are the prime factors of 12500252?
2, 19, 164477
What are the prime factors of 8865830?
2, 5, 886583
What are the prime factors of 298258?
2, 197, 757
List the prime factors of 11908853.
11, 409, 2647
What are the prime factors of 1487734?
2, 71, 10477
List the prime factors of 481432.
2, 7, 8597
What are the prime factors of 2046138?
2, 3, 397, 859
What are the prime factors of 274163?
274163
List the prime factors of 51688.
2, 7, 13, 71
List the prime factors of 19730866.
2, 9865433
What are the prime factors of 1692229?
7, 11, 21977
What are the prime factors of 20516509?
13, 1578193
What are the prime factors of 327024?
2, 3, 757
What are the prime factors of 3642154?
2, 1129, 1613
List the prime factors of 29812302.
2, 3, 13, 127403
List the prime factors of 5890033.
109, 54037
What are the prime factors of 48433?
7, 11, 17, 37
What are the prime factors of 4141163?
13, 461, 691
List the prime factors of 937141.
173, 5417
List the prime factors of 161698.
2, 80849
What are the prime factors of 1580091?
3, 193, 2729
List the prime factors of 1292425.
5, 17, 3041
What are the prime factors of 296822?
2, 148411
List the prime factors of 3468319.
103, 151, 223
What are the prime factors of 81497?
13, 6269
List the prime factors of 1155374.
2, 11, 52517
List the prime factors of 56582.
2, 19, 1489
What are the prime factors of 2497506?
2, 3, 11, 79, 479
List the prime factors of 1602580.
2, 5, 7, 11447
List the prime factors of 58651.
89, 659
List the prime factors of 1164333.
3, 388111
What are the prime factors of 654900?
2, 3, 5, 37, 59
List the prime factors of 856807.
7, 122401
List the prime factors of 245868.
2, 3, 7, 2927
What are the prime factors of 554911?
7, 79273
What are the prime factors of 1536556?
2, 7, 54877
What are the prime factors of 227383?
13, 17491
List the prime factors of 969982.
2, 13, 37307
What are the prime factors of 223223?
7, 11, 13, 223
List the prime factors of 34318067.
7, 127, 38603
List the prime factors of 2154508.
2, 491, 1097
List the prime factors of 249029.
11, 22639
List the prime factors of 2070502.
2, 7, 71, 2083
What are the prime factors of 675164?
2, 7, 24113
What are the prime factors of 1451596?
2, 17, 21347
What are the prime factors of 637732?
2, 31, 37, 139
List the prime factors of 2341569.
3, 780523
What are the prime factors of 73347?
3, 23, 1063
What are the prime factors of 1423559?
307, 4637
What are the prime factors of 2776360?
2, 5, 31, 2239
What are the prime factors of 3216529?
19, 31, 43, 127
List the prime factors of 2437189.
29, 31, 2711
What are the prime factors of 468050?
2, 5, 11, 23, 37
What are the prime factors of 101612?
2, 7, 19, 191
What are the prime factors of 12882761?
1303, 9887
What are the prime factors of 2344204?
2, 586051
What are the prime factors of 784971?
3, 11, 881
List the prime factors of 19510323.
3, 7, 929063
What are the prime factors of 2017255?
5, 103, 3917
What are the prime factors of 1737445?
5, 347489
List the prime factors of 18523.
18523
What are the prime factors of 420552?
2, 3, 11, 59
List the prime factors of 6079543.
211, 28813
What are the prime factors of 706995?
3, 5, 5237
List the prime factors of 5938266.
2, 3, 127, 7793
What are the prime factors of 227385?
3, 5, 31, 163
List the prime factors of 189546.
2, 3, 7, 4513
List the prime factors of 1842372.
2, 3, 7, 2437
What are the prime factors of 9414726?
2, 3, 1569121
List the prime factors of 1747129.
31, 56359
List the prime factors of 165284.
2, 7, 5903
What are the prime factors of 190045?
5, 191, 199
What are the prime factors of 6328275?
3, 5, 84377
What are the prime factors of 17753?
41, 433
List the prime factors of 3697413.
3, 29, 42499
List the prime factors of 707147.
7, 101021
What are the prime factors of 517595?
5, 13, 7963
List the prime factors of 4241126.
2, 17, 124739
What are the prime factors of 3238486?
2, 1619243
List the prime factors of 441293.
29, 15217
List the prime factors of 772462.
2, 79, 4889
What are the prime factors of 2260801?
2260801
List the prime factors of 1208113.
1208113
List the prime factors of 165977.
7, 131, 181
List the prime factors of 303366.
2, 3, 7, 31, 233
What are the prime factors of 561621?
3, 19, 59, 167
What are the prime factors of 2073135?
3, 5, 138209
What are the prime factors of 3596051?
1019, 3529
List the prime factors of 138126.
2, 3, 23021
What are the prime factors of 780787?
7, 71, 1571
What are the prime factors of 511354?
2, 167, 1531
List the prime factors of 123226.
2, 61613
List the prime factors of 12641107.
131, 96497
What are the prime factors of 3769531?
3769531
What are the prime factors of 9070415?
5, 1814083
List the prime factors of 635034.
2, 3, 109, 971
What are the prime factors of 750620?
2, 5, 13, 2887
List the prime factors of 7219491.
3, 1021, 2357
What are the prime factors of 10638102?
2, 3, 1773017
List the prime factors of 37881.
3, 23, 61
List the prime factors of 278041.
278041
List the prime factors of 5322337.
19, 373, 751
What are the prime factors of 1228?
2, 307
What are the prime factors of 6494209?
6494209
List the prime factors of 2313843.
3, 7, 110183
What are the prime factors of 7191851?
41, 175411
List the prime factors of 788879.
7, 13, 8669
List the prime factors of 10028145.
3, 5, 668543
What are the prime factors of 34383?
3, 73, 157
List the prime factors of 145053.
3, 71, 227
List the prime factors of 1003175.
5, 40127
What are the prime factors of 1001291?
1001291
What are the prime factors of 2081328?
2, 3, 131, 331
What are the prime factors of 532988?
2, 19, 7013
List the prime factors of 403684.
2, 43, 2347
What are the prime factors of 2278991?
11, 13, 15937
List the prime factors of 1955616.
2, 3, 13, 1567
List the prime factors of 74335.
5, 14867
What are the prime factors of 19675458?
2, 3, 11, 99371
List the prime factors of 438904.
2, 83, 661
List the prime factors of 794058.
2, 3, 89, 1487
What are the prime factors of 805719?
3, 268573
What are the prime factors of 19515164?
2, 4878791
List the prime factors of 2422056.
2, 3, 7, 13, 1109
What are the prime factors of 20446?
2, 10223
List the prime factors of 2410437.
3, 803479
List the prime factors of 17388.
2, 3, 7, 23
List the prime factors of 94244.
2, 23561
List the prime factors of 2698552.
2, 47, 7177
List the prime factors of 1204213.
53, 22721
What are the prime factors of 1118754?
2, 3, 7, 13, 683
List the prime factors of 157321.
157321
What are the prime factors of 2288617?
173, 13229
What are the prime factors of 336690?
2, 3, 5, 29, 43
What are the prime factors of 13626?
2, 3, 757
What are the prime factors of 802551?
3, 267517
What are the prime factors of 1250938?
2, 13, 3701
List the prime factors of 236180.
2, 5, 7, 241
List the prime factors of 4968412.
2, 1242103
What are the prime factors of 36268745?
5, 199, 36451
List the prime factors of 1592183.
1592183
List the prime factors of 6582290.
2, 5, 11, 13, 4603
List the prime factors of 13535015.
5, 13, 208231
What are the prime factors of 1127427?
3, 7, 37, 1451
What are the prime factors of 32212067?
32212067
List the prime factors of 29362333.
7, 11, 13, 29333
What are the prime factors of 85000?
2, 5, 17
What are the prime factors of 1947178?
2, 97, 10037
List the prime factors of 282495.
3, 5, 37, 509
What are the prime factors of 3141379?
17, 41, 4507
List the prime factors of 1033126.
2, 516563
What are the prime factors of 6171041?
281, 21961
What are the prime factors of 1479423?
3, 11, 127, 353
List the prime factors of 397165.
5, 79433
What are the prime factors of 196266?
2, 3, 7, 4673
What are the prime factors of 702116?
2, 191, 919
What are the prime factors of 98762?
2, 19, 23, 113
List the prime factors of 2501213.
11, 13, 17491
What are the prime factors of 8841451?
8841451
What are the prime factors of 11176336?
2, 698521
What are the prime factors of 4859357?
4859357
List the prime factors of 9075431.
223, 40697
List the prime factors of 142865.
5, 28573
List the prime factors of 302385.
3, 5, 19, 1061
List the prime factors of 408388.
2, 23, 193
What are the prime factors of 415115?
5, 83023
List the prime factors of 410004.
2, 3, 7, 1627
What 